uppose p*y - 61 = 114. Let n be (-770)/30*(-1 - 14). Calculate the highest common factor of n and y.
35
Let i(o) = o**3 + 46*o**2 + 19*o - 115. Let l be i(-44). Calculate the greatest common divisor of l and 23.
23
Suppose -23*r + 26*r = -24. Let b(d) = -d**3 - 7*d**2 + 5*d - 5. Let v be b(r). Calculate the greatest common factor of v and 152.
19
Suppose 73*p - 86*p = -8190. Calculate the highest common factor of 12 and p.
6
Let o(l) = 5*l**3 - 6*l + 10. Let p be o(2). What is the highest common divisor of p and 2?
2
Suppose -4*m - 5*c - 39 = -2*m, 0 = 2*c + 10. Let s be 180 - 0/(2 + m). Calculate the greatest common divisor of s and 18.
18
Let x = -287 - -290. Calculate the highest common factor of x and 27.
3
Let c be (186 + 1)*6/11. What is the greatest common factor of c and 1887?
51
Let s(c) = -19*c - 15*c - 4 + 7. Let y be s(-2). Suppose 20 - y = -3*x. What is the highest common divisor of 153 and x?
17
Let y be (-6)/5*(-23220)/81. What is the greatest common factor of y and 32?
8
Let l be (-58384)/(-1722) + 2/21. Calculate the highest common divisor of 136 and l.
34
Suppose -16*m + 13*m + 42 = -2*k, -5*k + 33 = 4*m. What is the greatest common divisor of m and 12?
12
Let i be ((-6850)/548)/((-1)/(-1 + 3)). Let b be (-76 - 0)/(-1) - 1. What is the highest common factor of i and b?
25
Suppose 2*d + 254 = 3*s - 0*d, -4*s + 341 = -5*d. What is the highest common factor of s and 252?
84
Suppose 3*w - k = -3*k + 16, 4*k = -5*w + 26. Suppose -2*c + 96 = 2*h, h + h - 96 = c. What is the highest common divisor of w and h?
6
Let p(i) = 4*i**3 - 9*i**2 + 13*i. Let t be p(2). Let m be (-2)/(1/(3/(-2))). Let a be (-1 - -2 - -10)*m. What is the highest common factor of a and t?
11
Let s = -384 + 1168. Calculate the greatest common factor of s and 16.
16
Suppose 45*l = -t + 41*l + 2, -2*t = 5*l - 7. Calculate the greatest common divisor of t and 24.
6
Suppose -188 = -4*m - 4*i, -m = m - 3*i - 109. Suppose g = -3 - 2. Let h be (-1)/5 - 376/g. Calculate the greatest common factor of m and h.
25
Let k = 12 + -9. Suppose 0 = 3*a - 4*q - 78, 4*q = 2*a - k - 53. Suppose 0 = 18*c - a*c + 68. What is the greatest common divisor of c and 51?
17
Let m(p) be the third derivative of p**6/120 - p**5/60 - 5*p**4/24 - 7*p**3/6 - 14*p**2. Let f be m(6). Calculate the highest common factor of f and 13.
13
Suppose -5*n = 4 - 54. Let c be n*(3 + (-20)/(-8)). Suppose -18 = -2*g + 4. Calculate the greatest common divisor of g and c.
11
Suppose -3*s + 40 = 4*g, -6 = s - g - 24. Calculate the greatest common factor of s and 184.
8
Suppose -3*w = -4*w + 96. Suppose 3*n = -n - w. Let p be ((-66)/(-8))/((-9)/n). What is the greatest common divisor of 2 and p?
2
Suppose 2*q - 18 = 4*c, q - c - 12 = -0. Calculate the greatest common divisor of 255 and q.
15
Let z(n) = -7 + 4*n + 21*n - 3*n + 2*n. Let b be z(7). Let r(x) = 3*x**2 + 2*x + 2. Let s be r(-3). Calculate the greatest common divisor of s and b.
23
Suppose 55 = -7*u + 202. Suppose -5 = -t + u. What is the greatest common divisor of 234 and t?
26
Suppose -j + 87 = 73. What is the greatest common divisor of j and 854?
14
Let p = 56 + -24. Suppose -5*o + k + p = -4, 4*k = 4*o - 32. Calculate the highest common divisor of o and 7.
7
Let g be (21/14)/((-6)/(-1304)). Let z = g - 150. What is the greatest common divisor of z and 16?
16
Let b be 13/1 - -1*(0 + 3). Let s = b - 13. What is the highest common divisor of s and 1?
1
Let b(v) = 9*v + 69. Let s be b(-6). What is the highest common factor of 100 and s?
5
Let h be 18 - -1 - (3 - 0). Let f = 14 + -2. Let b be 1338/f + (-2)/(-4). Calculate the greatest common divisor of b and h.
16
Suppose 0 = -4*z + 20, 3*k + 2*z = -0*z + 16. Suppose -4*x - k*x = 0. Suppose x = 3*o - 4*o + 105. What is the greatest common factor of o and 15?
15
Suppose -2*b = 8, -5*f - 688 = 5*b - 2098. What is the highest common divisor of 26 and f?
26
Suppose 39*j - 42*j = -132. Suppose 3*o = 2*o - 1, 3*u + 4*o - 1184 = 0. What is the greatest common factor of u and j?
44
Suppose 0 = 3*r + 5*o - 0*o - 209, 271 = 4*r - o. Calculate the greatest common factor of r and 612.
68
Suppose -4*v + 29 = 9, 16 = 3*d - 4*v. What is the highest common divisor of 100 and d?
4
Let h = 39 - -72. Let f = h - 79. What is the highest common divisor of 8 and f?
8
Suppose -3*x - 26 = 16. Let l = -5 - x. Suppose -o = 5*n - 101, o + 0*n - 97 = -4*n. What is the highest common factor of o and l?
9
Suppose -89*g + 3*v = -87*g - 516, -3*v = 2*g - 492. Calculate the greatest common factor of g and 56.
28
Suppose 15*i + 65*i - 10800 = 0. Calculate the highest common divisor of 6 and i.
3
Let i(z) = -16 + 6*z**2 + 36 - 21. Let t = -3 - -2. Let n be i(t). What is the greatest common factor of 45 and n?
5
Let d = 2 - -6. Suppose -b = 2*k + 3*b - 66, 5*b - 160 = -5*k. Let z = k + -23. What is the greatest common factor of d and z?
8
Let b be (12/(-10))/(4/(-10)) + 1. Suppose 0 = -k - b*m + 108, -4*k - 5*m + 445 = -2*m. What is the highest common divisor of 16 and k?
16
Let v(y) = y + 26. Suppose -i - 18 = -0*m - 3*m, 30 = -4*i - 2*m. Let b be v(i). Calculate the greatest common divisor of b and 153.
17
Let b = 4 - -36. Let l = 31 + -27. Let h be (-64)/(-4) - 2 - l. What is the highest common divisor of b and h?
10
Suppose -5*u + 7 = c, -3 = -c + u + 4. Let y(x) = -6*x**3 + x. Let k be y(-1). Suppose -a + k*a = 28. Calculate the highest common divisor of c and a.
7
Suppose -4*h - 4*c = 192, -3*h + 2*c - 54 - 65 = 0. Let z = 163 + -100. Let g = h + z. What is the greatest common divisor of g and 50?
10
Let b(y) = -y + 9. Let s be b(4). Suppose -s*n = -163 - 1162. Suppose -m = 2*g - 5*m - 122, 0 = 5*g - 2*m - n. Calculate the greatest common factor of g and 17.
17
Suppose -4*h - 21 = -121. Let x(p) = 227*p**3 - 2*p**2 - p + 1. Let z be x(1). What is the highest common factor of z and h?
25
Suppose -3 = w - 744. What is the greatest common divisor of w and 39?
39
Suppose i - 4 = 0, 4*i = -s - i + 30. Suppose -s = o - 3*o. Suppose d - 3*d + 10 = -2*m, m + 10 = 2*d. What is the greatest common factor of o and d?
5
Suppose -23 = -u + 2*s - s, 5*s = -5. Suppose -u = -3*h + 20. What is the highest common divisor of h and 182?
14
Let w be (-3)/(-12)*133 - (-3)/4. Let l = 52 - w. Calculate the highest common divisor of 2 and l.
2
Let i(r) = -2*r + 16. Let f be i(7). Suppose -n + 240 = f*n. What is the greatest common factor of 32 and n?
16
Let w(t) = -2*t - 9. Let n be w(-5). Let r = 19 - 19. Suppose -g = -2*v - 2*g, 5*g + 10 = r. What is the highest common factor of n and v?
1
Suppose 73 = 4*b + j, -122 = -5*b - 3*j - 36. Let k be (0 + -1 + -3)*-17. Let p = k - 49. What is the highest common divisor of p and b?
19
Suppose o + 3*o + 12 = 0, 3*o = n - 20. Let d(q) = 33*q**2 + q - 1. Let z be d(1). What is the greatest common divisor of z and n?
11
Let c(k) = 10*k - 10. Let z(f) = -10*f + 11. Let l(b) = 6*c(b) + 5*z(b). Let g be l(4). What is the highest common divisor of g and 175?
35
Let y be (-15)/10*8/(-6). Let u be 218 - (0/4 - y). Let w(b) = -b**2 - 13*b - 20. Let l be w(-8). Calculate the highest common divisor of u and l.
20
Suppose -35*y = -97*y + 558. What is the greatest common factor of 927 and y?
9
Let p = -23 - -37. Suppose v + 3 = -5*n, v - 4*v - 4*n + 2 = 0. Let k be 5/10 - ((-3)/v - 0). Calculate the greatest common factor of k and p.
2
Suppose q + 36 = -11*q. Let n(g) = g**2 + 3*g + 10. Let x be n(q). Calculate the greatest common factor of x and 80.
10
Suppose 85 = 15*p + 2*p. Let l(k) = -k**2 + 6*k + 6. Let d be l(p). Calculate the highest common divisor of d and 11.
11
Let n = -543 - -618. Calculate the highest common divisor of 325 and n.
25
Suppose -61*t = -72*t + 1122. What is the greatest common divisor of 6 and t?
6
Let y(k) = k**2 - 3*k + 2. Let j be y(2). Suppose 5*b = -10, q - b + 4*b - 204 = j. What is the highest common factor of q and 30?
30
Let v be (-2 + 2)*8/(-16). Suppose -3*p - 5*y + 466 = v, 136 = 2*p + 3*y - 174. Calculate the greatest common factor of p and 38.
38
Let d be (-27)/((108/152)/9). Let x be (1/7 + d/42)*-2. Let b(w) = 160*w**2. Let q be b(1). What is the greatest common factor of x and q?
16
Let o = 1678 + -1538. What is the greatest common divisor of 50 and o?
10
Let z be (2 + 0 - 3)/((-3)